 = z. Let q = x - -263. List the prime factors of q.
2
Let k(h) = 719*h - 1985. List the prime factors of k(33).
2, 7, 1553
What are the prime factors of (-5 + 319/44)/(-5 + (-69261)/(-13852))?
3, 3463
List the prime factors of -9*(22 + -6799 + 4).
3, 13, 521
Suppose 0 = -4*p + 8 - 32. Let c be 30/p*(2 + 0). What are the prime factors of 2 + (-5)/(c/58)?
31
Let d = 1372 + -900. Suppose -7*m = -60 - d. List the prime factors of m.
2, 19
Suppose -22*w - 36 = 8. Let y = 248 + w. List the prime factors of y.
2, 3, 41
Let y(g) = 3*g**2 - 56*g - 68. What are the prime factors of y(-37)?
3, 7, 97
Let l(m) = -m**3 + 24*m**2 + 5*m + 5. Let y be l(10). Let r = y + -838. List the prime factors of r.
617
Let v = -44 + 44. Suppose -15*g + 4*g + 66 = v. Suppose 4*l = 0, -n + g*l + 134 = 5*l. List the prime factors of n.
2, 67
Suppose 36*o = 736724 - 190856. What are the prime factors of o?
59, 257
Let q(z) be the first derivative of z**4/4 - 11*z**3/3 + 6*z**2 - 19*z + 34. What are the prime factors of q(14)?
11, 67
Suppose -4*b + 6 = -5*z, b - 9 + 0 = 5*z. Let l be z*2*(-5 - 164). Suppose -9*y = -5*y - l. What are the prime factors of y?
13
Let d(o) = o**3 + 2*o**2 - 3*o + 741. Let u(h) = 9*h + 180. Let p be u(-20). List the prime factors of d(p).
3, 13, 19
Let p(c) = 19*c + 61480. List the prime factors of p(0).
2, 5, 29, 53
Let p = 54032 - 17245. List the prime factors of p.
36787
Let w = 81 + 6903. List the prime factors of w.
2, 3, 97
Let x = -99 - -101. Suppose 5*g + 963 = 5*u - x*u, 0 = -4*u + 4*g + 1292. List the prime factors of u.
2, 163
Let t = -1 + 18. Let b(c) = 4*c + 18 + 49 + t + 47. What are the prime factors of b(0)?
131
Suppose 0 = -5*c - 2*z + 5 + 13, 0 = 4*c - 3*z - 19. Suppose 4*w = -k + 2483, 4*w + w = c*k + 3109. What are the prime factors of w?
3, 23
Let n(f) = -f**3 + 12*f**2 + 14*f - 2. Let i be n(13). Suppose 3*b - 33 = 2*k, 2*b - b = -5*k + i. Suppose -15*x = -b*x - 224. What are the prime factors of x?
2, 7
Suppose 5*o + 302 = -z, -3*o - 36 = -5*z + 134. Let u be 24/o + (-4)/(-10). Suppose 3*w + u*w = 108. What are the prime factors of w?
2, 3
Suppose 6*a + 94 = 124. Suppose -4*p - 553 = -3*c, -a*c + 5*p = -0*c - 915. What are the prime factors of c?
179
Suppose -2*b - 4*r = 0, 0 = 4*b - 5*b - r. Suppose b = -10*i + 8*i - 34. Let p = 36 + i. What are the prime factors of p?
19
List the prime factors of 342*(40/(-60))/((-8)/6)*37.
3, 19, 37
Suppose 7*d + 24496 = 61316. What are the prime factors of d?
2, 5, 263
Let u(f) = f**3 + 20*f**2 - 2*f + 34. What are the prime factors of u(18)?
2, 5, 1231
Let v be (-16)/12 + 33/(-9) - -1253. Let n = v + -1058. List the prime factors of n.
2, 5, 19
Suppose -2906*x + 59790 = -2891*x. What are the prime factors of x?
2, 1993
Let c = 12 - 8. Suppose 11*q - 35 = c*q. List the prime factors of (16/q)/1 - (-8)/(-40).
3
What are the prime factors of (5/(-2))/((-4)/(-27088)*-4)*2?
5, 1693
Suppose -4*n + 36 = 5*q, 4*n + 7*q - 68 = 10*q. Suppose 7*c + 14 - n = 0. What are the prime factors of -16*(c - 17/2)?
2, 17
Suppose 6*n = -7*n + 4*n. Suppose -4*b + 4 = n, 0 = 4*m - 3*m + 4*b - 29. What are the prime factors of (-633)/(-15) + -2 + (-5)/m?
2, 5
Let c(z) = -11*z - 117. Let b be c(-11). Let g(y) = -y - 8. Let w be g(-10). Suppose b*t - 2*d = 678, 5*d = -5*t + w*d + 875. What are the prime factors of t?
2, 43
Suppose 8*u - 413 = u. Suppose -u*a + 2007 = -56*a. What are the prime factors of a?
3, 223
Suppose -445 + 1315 = 30*l. Suppose -l*n = n - 9150. What are the prime factors of n?
5, 61
What are the prime factors of (-468)/(-585) - (-33423)/15?
3, 743
Let s = -675 + 676. List the prime factors of (s - (-20)/5) + 5 + 1466.
2, 3, 41
Let m be ((-10)/(-2))/5 - -3. Suppose -2*z + 410 = -2*q, -6*z + 2*z + 820 = m*q. List the prime factors of z.
5, 41
Let z = 55941 - 38691. List the prime factors of z.
2, 3, 5, 23
Let l = -3639 - -12016. List the prime factors of l.
8377
Let v(j) = j**2 + 25*j. Let m be v(-25). Suppose -564 = -2*d + 2*z, m = 3*d + 2*z - 984 + 123. What are the prime factors of d?
3, 5, 19
List the prime factors of (663/(-34) - -16)*(-1320 + 2).
7, 659
Suppose -9*k + 22 - 22 = 0. Suppose 8*q - 3962 + 970 = k. What are the prime factors of q?
2, 11, 17
Suppose 3*j - 16 = -5*o, -4*j = 3*o + j. Suppose 0 = 3*v + 3*n - 687, -n = o*v - 712 - 413. What are the prime factors of v?
2, 7
Let p = -3856 - -10718. What are the prime factors of p?
2, 47, 73
Let q = 808 - 184. Let y = -358 + q. List the prime factors of y.
2, 7, 19
Suppose 16*o + 18*o = -6*o + 65040. What are the prime factors of o?
2, 3, 271
Suppose -22*q + 191 + 2603 = 0. Let d = q - -686. What are the prime factors of d?
3, 271
Let h(z) be the third derivative of 5*z**4/12 + z**3/2 - 133*z**2. Suppose -3*p + 14 + 10 = 0. What are the prime factors of h(p)?
83
Let t(w) = 558*w**2 + 2*w - 2. Let d be t(1). Let v = d - 302. List the prime factors of v.
2
List the prime factors of 3431610/675 - 4/(-30).
2, 31, 41
Let a(s) = 0 + 20*s - 1 + 7*s + 0*s. Let l be (17/3 + -5)*21/2. What are the prime factors of a(l)?
2, 47
Let n be -33*(2/6)/(1/(-11)). Suppose 3*y - n = 1775. List the prime factors of y.
2, 79
Suppose 30*g = -a + 27*g + 40072, -a + 5*g = -40056. List the prime factors of a.
2, 13, 23, 67
Suppose -9*t + 14*t - 260 = 0. Let s = -49 + t. Suppose -235 = -s*x + 4*i, -3*i - 154 - 80 = -3*x. What are the prime factors of x?
7, 11
Let a(p) = -p**3 + 15*p**2 - 14*p + 3. Let q be a(14). Let o(m) = m**3 - 4*m**2 - 2. Let c be o(q). Let w(x) = -8*x + 22. What are the prime factors of w(c)?
2, 5, 11
Suppose -102 = 3*x - 9*x. Let o(q) = 13*q**2 - 46*q**3 + 1 + q + x + 47*q**3. List the prime factors of o(-13).
5
Suppose -7358 = -3*c - r, 5*c - 4*r - 4037 = 8249. List the prime factors of c.
2, 3, 409
Let v(l) = -l**3 - 23*l**2 - 11*l - 22. Let s be v(-23). Let u = s + 32. What are the prime factors of u?
263
Let r(o) = -1. Let d(f) = f - 15. Let z(w) = -d(w) - 3*r(w). Let i be z(12). What are the prime factors of 4/(-6) - (i - (-1176)/(-9))?
2, 31
Let h(s) = -98*s - 5. Let t = -239 + 234. What are the prime factors of h(t)?
5, 97
Let v(p) = p**2 + 11*p + 29. Let u(m) be the third derivative of -m**5/12 - m**4/6 + 15*m**2. Let s be u(-2). List the prime factors of v(s).
41
Let k(m) = m**3 - 2*m**2 - 2*m + 3. Let a be k(2). Let o be (-81)/(a - (-1 + -1)). Let v = -49 - o. What are the prime factors of v?
2
Let u be ((-3)/(-5))/((-6)/(-180)). Suppose -u*g - 855 = -27*g. List the prime factors of g.
5, 19
Let v(j) = -3*j + 30. Let n be v(12). Let y be (-254 + (-2 - 2))*2/n. Let r = y + -64. What are the prime factors of r?
2, 11
Suppose 3*a - 490 - 89 = -3*w, -2*a = 3*w - 383. Suppose a = -15*g + 17*g. Let q = 145 - g. List the prime factors of q.
47
Let v(j) = -1943*j - 5883. List the prime factors of v(-16).
5, 71
Let j(w) = -72*w - 141. Let b be j(-2). Suppose b*o = 4*r - 1771, 29*r - 26*r - 1328 = 2*o. List the prime factors of r.
2, 13, 17
Suppose 26 = -3*f + y + 66, 4*f = -3*y + 62. Let t be 1*8/28 - (-2768)/f. Suppose 5*u - 3*r = 1000, u + r = 2*u - t. List the prime factors of u.
7, 29
Let n(y) = 151*y + 95. Let o(c) = 75*c + 48. Let i(a) = -3*n(a) + 7*o(a). What are the prime factors of i(6)?
3, 7, 23
Suppose -9*i - 2*g + 16196 = -6*i, i + 11*g - 5378 = 0. List the prime factors of i.
2, 3, 5
Let n(a) = 730*a + 49. Let f be n(9). Suppose -t = -5, -4*w + t - 4*t + f = 0. What are the prime factors of w?
13, 127
Suppose -103*d = -82*d - 214452. What are the prime factors of d?
2, 3, 23, 37
Suppose 8*n - 2*n + 78 = 0. What are the prime factors of 1 + -3 + (182 - n)?
193
Suppose 1830 = -4*d + d. Let j = 1057 + d. What are the prime factors of j?
3, 149
Let w(a) = -a**3 - 12*a**2 - 28*a + 7. Let i be w(-9). Suppose 5*y + 209 = i*y. What are the prime factors of y?
19
Suppose 152*y + 402330 = -160*y + 327*y. What are the prime factors of y?
2, 13411
Suppose 5*p - 2088 - 444 = 3*a, -5*p = -a - 2524. What are the prime factors of p?
2, 3, 7
List the prime factors of (-68 - -938)*(-2 - 14/(-3)).
2, 5, 29
Let j(m) = -27*m**3 + 4*m**2 - 6*m - 2. Let d be j(2). Let f = 270 + d. What are the prime factors of f?
2, 7
Let m(x) = x**2 - 17*x. Let f be m(17). Suppose 5*r = t + 1, -5*t - 3*r + r - 59 = f. Let i(j) = -3*j + 23. What are the prime